number?
True
Is 2655810347 composite?
False
Is 1529840119 composite?
True
Is 26930093 composite?
True
Is 3068059402 composite?
True
Is 4883100827 prime?
False
Is 194055581 prime?
False
Is 2221637647 a prime number?
False
Is 29073468349 a prime number?
False
Is 7662988469 composite?
False
Is 342300308699 composite?
True
Is 294400709 composite?
True
Is 351691073 a prime number?
False
Is 69225499 prime?
False
Is 9465487107 composite?
True
Is 13841132783 prime?
True
Is 893366053 a composite number?
False
Is 761289262 prime?
False
Is 47983600447 composite?
True
Is 14563616801 a composite number?
False
Is 21303550201 a prime number?
False
Is 1274551193 composite?
False
Is 8801090011 prime?
False
Is 1040698327 a composite number?
False
Is 1418343181 a composite number?
True
Is 704781071 a composite number?
False
Is 31815847079 a prime number?
False
Is 23829776879 composite?
False
Is 56944467739 a prime number?
False
Is 2493585749 composite?
False
Is 4189137857 a composite number?
True
Is 4072361327 composite?
False
Is 380098177 a prime number?
False
Is 6460137361 composite?
True
Is 4193616313 composite?
True
Is 7514866 composite?
True
Is 117349258487 composite?
False
Is 27209967919 prime?
False
Is 16180139537 a composite number?
True
Is 331078531 composite?
True
Is 1229129738 composite?
True
Is 1892688411 composite?
True
Is 1765277023 composite?
True
Is 23722780489 a prime number?
True
Is 967523923 prime?
False
Is 2625640513 a prime number?
True
Is 8377139783 prime?
True
Is 3657650287 prime?
False
Is 932525599 prime?
False
Is 2492577169 a composite number?
True
Is 46224383 a composite number?
False
Is 12354852053 a composite number?
False
Is 930378517 a composite number?
False
Is 1653279697 a composite number?
False
Is 34886098609 a prime number?
True
Is 6977737277 prime?
False
Is 345601807 composite?
False
Is 579532991 prime?
False
Is 46697961 prime?
False
Is 236155139 a prime number?
False
Is 387248221 composite?
True
Is 26706715807 a composite number?
False
Is 319571880623 prime?
False
Is 16284337813 a prime number?
False
Is 265034281 a prime number?
True
Is 9829346613 prime?
False
Is 532711327 a composite number?
False
Is 1173422465 prime?
False
Is 4876551059 composite?
False
Is 7441772323 prime?
True
Is 1867803843 a composite number?
True
Is 1396696007 a composite number?
True
Is 30762349259 a composite number?
False
Is 1182685289 a composite number?
True
Is 74187681493 a prime number?
False
Is 9588886157 a prime number?
False
Is 1656015539 a composite number?
True
Is 797054087 prime?
True
Is 74876783801 a composite number?
False
Is 980685913 a prime number?
False
Is 991042265 prime?
False
Is 1886691649 a composite number?
True
Is 1454351879 prime?
False
Is 952075021 prime?
False
Is 3821169893 composite?
True
Is 3822892349 composite?
False
Is 12287963249 composite?
True
Is 252672481 prime?
True
Is 14685673 a prime number?
True
Is 390895719551 composite?
False
Is 1954827083 a composite number?
True
Is 29816167267 composite?
True
Is 2355497909 a prime number?
True
Is 10373388101 prime?
True
Is 55859115161 a prime number?
True
Is 47080071943 composite?
True
Is 14884687 a composite number?
True
Is 4844547823 composite?
True
Is 361847061341 a composite number?
False
Is 67464685121 a composite number?
True
Is 449516719 composite?
True
Is 22105545809 prime?
False
Is 24210465173 a prime number?
True
Is 542487210745 prime?
False
Is 24489804137 composite?
True
Is 265453981769 prime?
True
Is 4850720443 composite?
True
Is 113573293037 a prime number?
False
Is 789968939 a composite number?
True
Is 22005598751 composite?
False
Is 4356734237 prime?
True
Is 8010428821 composite?
True
Is 103068159947 a prime number?
True
Is 916246613 a composite number?
False
Is 1949885149 prime?
False
Is 576928047 prime?
False
Is 48214795187 a composite number?
True
Is 12356829337 prime?
True
Is 3223159717 composite?
True
Is 14885622247 a composite number?
False
Is 244000703 composite?
False
Is 1014554659 composite?
False
Is 855143257 prime?
True
Is 9132152885 a composite number?
True
Is 142837223 prime?
True
Is 4077612907 prime?
False
Is 34815629117 a prime number?
True
Is 1141371017 prime?
True
Is 32359452137 composite?
False
Is 33667638907 a composite number?
True
Is 992722753 prime?
False
Is 450183593 a composite number?
False
Is 86833203859 a prime number?
True
Is 66677773171 prime?
True
Is 1332624049 prime?
True
Is 63625443589 a composite number?
False
Is 106247494453 composite?
False
Is 8128622651 a composite number?
False
Is 4298610559 prime?
False
Is 7599838583 composite?
False
Is 43233713507 composite?
True
Is 196837160647 composite?
False
Is 64648708879 a composite number?
True
Is 5041677107 a prime number?
False
Is 2028047123 a composite number?
False
Is 46006577 a prime number?
False
Is 7693496389 a prime number?
False
Is 2601146311 composite?
False
Is 8694137141 a prime number?
True
Is 14655591631 prime?
True
Is 1039401241 prime?
True
Is 464953831 prime?
False
Is 1628265383 a composite number?
False
Is 416968819 a composite number?
True
Is 1240799613 composite?
True
Is 1862214517 a composite number?
True
Is 2202139117 a prime number?
False
Is 1912854037 prime?
True
Is 606709819 prime?
True
Is 10000315397 prime?
True
Is 2289900619 a prime number?
True
Is 528475037 a composite number?
True
Is 6291858637 prime?
False
Is 47255787457 composite?
False
Is 127910729 a composite number?
False
Is 8448998143 composite?
False
Is 7989556493 prime?
False
Is 6326088991 prime?
True
Is 1923744523 composite?
True
Is 65558816329 a prime number?
True
Is 1041314311 composite?
True
Is 9469956491 a prime number?
True
Is 148673252711 prime?
True
Is 7234717177 composite?
False
Is 18414985829 a composite number?
False
Is 10290660529 a composite number?
True
Is 963080737 prime?
False
Is 755979166 composite?
True
Is 3180197339 a composite number?
True
Is 525033149 a prime number?
True
Is 419343227 a prime number?
True
Is 35430806239 a prime number?
False
Is 26329927207 a prime number?
True
Is 234564311 composite?
False
Is 48451087417 a composite number?
True
Is 19255417201 prime?
True
Is 285808604735 composite?
True
Is 41835998146 composite?
True
Is 25412185817 prime?
True
Is 16831307923 a composite number?
True
Is 36530465 a prime number?
False
Is 1655640373 composite?
True
Is 17841893029 a prime number?
False
Is 594077711 a prime number?
True
Is 1853445481 prime?
True
Is 2816001847 composite?
True
Is 2842891019 composite?
False
Is 200600002 a composite number?
True
Is 353410391 a composite number?
False
Is 452389859 a prime number?
False
Is 1012651491 prime?
False
Is 607491673 a composite number?
True
Is 28317828713 prime?
False
Is 34853270971 a composite number?
True
Is 107626237 a composite number?
False
Is 22329212297 composite?
True
Is 1586885941 composite?
False
Is 14266813 a prime number?
False
Is 37038896527 prime?
False
Is 30174747529 a composite number?
True
Is 1818482669 composite?
True
Is 1087864403 a prime number?
True
Is 34743925399 composite?
False
Is 11890766267 prime?
False
Is 3353594899 a prime number?
True
Is 3905171741 composite?
True
Is 191315563 composite?
True
Is 123100193747 prime?
True
Is 385030523 a composite number?
False
Is 12706265071 a composite number?
True
Is 3810042149 a composite number?
False
Is 697253173 a composite number?
True
Is 23705674061 a prime number?
False
Is 39870130169 a composite number?
True
Is 196789486441 prime?
False
Is 263399387213 a prime number?
True
Is 3575429359 prime?
True
Is 47204629 composite?
True
Is 7666946599 a composite number?
True
Is 128676473 a prime number?
False
Is 104143783 prime?
True
Is 37647563 composite?
False
Is 2656221317 prime?
True
Is 13210392089 composite?
False
Is 2995880809 composite?
True
Is 15383177137 composite?
False
Is 1923169043 prime?
True
Is 545005763 composite?
True
Is 1707518749 a prime number?
True
Is 27092778497 a composite number?
False
Is 6818885081 prime?
True
Is 1033493579 a composite number?
False
Is 22106607077 composite?
False
Is 574688263 a prime number?
True
Is 2110640353 prime?
False
Is 3994689649 composite?
False
Is 9189662021 prime?
True
Is 7278966769 prime?
True
Is 2332022597 composite?
False
Is 6610173761 prime?
False
Is 95886386641 a composite number?
True
Is 39031011137 prime?
F